st common divisor of h and 810.
10
Suppose -2*f = l - 1255, -l - 1154 - 1994 = -5*f. What is the greatest common factor of f and 74?
37
Let c be 67/(-4)*-4 + (-320)/40. Suppose -6*f + 4012 = -2*f. What is the greatest common divisor of f and c?
59
Suppose 0 = -2*s - 3*k + 117, -s + 5*k = -2*s + 62. Let x be (-2)/3 + 10583/s. Calculate the greatest common divisor of 74 and x.
37
Let p be (-67)/(-3) - (-9)/(-27). Let m = -78 - -81. Suppose g + 54 = 4*z - 79, 0 = -3*g - m. What is the highest common divisor of z and p?
11
Suppose -39*v + 88 = -35*v. What is the greatest common divisor of v and 3047?
11
Let m(s) = -s**3 - 16*s**2 + 400*s + 24. Let i be m(13). What is the greatest common divisor of i and 1139?
17
Suppose -2*o + 209 + 217 = -84. Calculate the greatest common divisor of o and 405.
15
Let j = -259 + -87. Let v = j + 360. Calculate the highest common factor of v and 14.
14
Suppose 3*u + 549 = 3*t, 23*t + 5*u = 19*t + 768. What is the highest common factor of 55 and t?
11
Suppose -3*s + 4*s - 90 = 0. Let f = 99 - s. Suppose 0 = -5*z + 7*n - f*n + 152, 5*n - 5 = 0. What is the greatest common factor of z and 10?
10
Let h = 25802 + -14602. Calculate the greatest common factor of 14 and h.
14
Suppose k + 108 = 5*j + 4*k, -3 = -3*k. Suppose 3*x + 2*z = 89, -x + 8 = z - j. Let r = -2383 + 2414. Calculate the greatest common divisor of r and x.
31
Suppose -4*x - 95*x = 54*x - 2142. Calculate the highest common factor of 28742 and x.
14
Suppose -452*n + 456*n - 4 = 0. Let x(i) = 541*i**2 - 2*i - 6. Let z be x(n). Calculate the greatest common factor of 41 and z.
41
Suppose 2*n - 258 = -4*x, 0 = 266*x - 271*x - 4*n + 336. Let i be (-150)/(-1)*(-4)/(-6). What is the greatest common divisor of x and i?
20
Suppose v + 3 = 8. Let w(u) = u**2 + 9*u - 8. Suppose -36*s + 50 = -41*s. Let h be w(s). Calculate the greatest common divisor of h and v.
1
Suppose 438 = -24*a + 30*a. Let u = -50 + a. Calculate the highest common factor of 23 and u.
23
Let j be (-4)/3*-60*(-87)/(-464). Let x be (-15)/6*(-34)/1. Calculate the greatest common factor of j and x.
5
Suppose -2*f - 9 = -3*h + 107, 0 = -f + 4*h - 63. Let p = f + 90. Suppose 3*g - p = -2*y, -y + 2*g - g = -10. What is the highest common divisor of 39 and y?
13
Suppose 5*h = 12*h - 32*h + 700. What is the highest common divisor of h and 3514?
14
Let t = -199 - -203. Let s = t + 122. What is the greatest common divisor of 42 and s?
42
Let l = -6356 + 8736. What is the greatest common divisor of l and 84?
28
Suppose -2*b = 5*x - 935 + 238, b - 3*x - 354 = 0. Let l = -26 - -65. What is the highest common divisor of l and b?
39
Let l(f) = -68 - 134 + 142 - 336*f. Let p be l(-1). Calculate the greatest common factor of 60 and p.
12
Let b = -1429 + 1453. What is the greatest common factor of b and 222?
6
Let h = -200 + 115. Let p = h + 96. Suppose 2*m - 18 = 3*r, p = 4*m - 3*m - r. What is the greatest common factor of 165 and m?
15
Let a = -21 - -7. Let x(z) = -14*z - 185. Let v be x(a). What is the highest common divisor of 209 and v?
11
Let l = 307 + -286. What is the greatest common factor of 8169 and l?
21
Suppose 0 = 5*a - 2010*b + 2011*b - 2616, -561 = -a + 4*b. Calculate the greatest common factor of 280 and a.
35
Let u(o) be the first derivative of -3*o**2 + 60*o + 41. Let s be u(4). Calculate the greatest common factor of s and 84.
12
Suppose -2*n + 6964 = -4*v, 3*n + 4*v = 9*n - 20836. What is the greatest common divisor of n and 36?
12
Let o(x) = -9*x**3 - 2*x**2 - 5*x - 4. Let m be o(-2). Suppose 42*p - 47*p + m = 0. Calculate the highest common factor of p and 238.
14
Let d(k) = -k**3 + 30*k**2 - 33*k + 120. Let g be d(29). Suppose 0 = -r + g*f + 21, 4*r - 5*f = -0*f + 84. What is the greatest common divisor of r and 567?
21
Let w be (18122/(-85))/(17/(-85)). What is the greatest common divisor of w and 65?
13
Let z = 6790 - 5737. Calculate the highest common factor of 65 and z.
13
Let l be (3/(-6))/(4/4256). Let y = -160 - l. Calculate the greatest common factor of y and 24.
12
Suppose -4*p - 11 = d + 5, d + 3*p = -12. Let x(j) = -2*j + 17. Let w be x(d). Let t = 32 - w. What is the greatest common factor of 5 and t?
5
Let m be (8/(-5))/((-4)/640). Suppose 15*i = -17*i + 128. What is the highest common divisor of i and m?
4
Let r = 13 - -17. Let c(k) = -k**3 - 4*k**2 - 3*k. Suppose -2*d = -2, -3*d + 8*d + 11 = -4*x. Let o be c(x). Calculate the greatest common divisor of r and o.
6
Let i be (-12)/(-8)*34 + 369/41. What is the greatest common divisor of i and 495?
15
Let y = -157 - -248. Calculate the highest common factor of y and 312.
13
Let q be 8 - (-1*(3 - 2) - (-688 - -697)). Suppose i = -0*i + 4. Calculate the greatest common factor of q and i.
2
Let a = -4081 - -4119. What is the highest common factor of 703 and a?
19
Suppose 0 = -5*b + 4*s + 7, 13*s - 11*s = -4*b + 42. What is the highest common factor of 371 and b?
7
Suppose 17*u - 19*u = -6. Let k be 5*u/(-45) + 669/9. Calculate the greatest common factor of k and 111.
37
Let d(c) = 125*c**2 - 3*c - 139. Let v be d(-6). Calculate the greatest common divisor of v and 87.
29
Let p(a) = 2*a - 3. Let n be p(3). Let c be 2*(-2 - (-378)/n). Let i = c + -115. What is the highest common factor of i and 19?
19
Suppose -26*b - 108*b + 170024 = -758596. What is the greatest common factor of b and 10?
10
Let a(g) = -1857 + 947 - g**2 + 2*g**2 + 950 + 16*g. Suppose -i - 5 = 11. Let y be a(i). What is the highest common factor of 8 and y?
8
Let u be (-419 - (4 + -3))*(-12)/14. Let p = -438 + 528. Calculate the highest common divisor of p and u.
90
Let a(y) = 2582*y**2 - 186*y - 187. Let f be a(-1). Calculate the greatest common divisor of 319 and f.
29
Suppose -6*c = -14*c + 120. Suppose 6*l + c = l. Let h be ((-4)/l)/(32/(-6) - -6). Calculate the highest common divisor of h and 18.
2
Suppose 236 + 304 = 3*d. Suppose 2*t = -2*t + d. Let s = 75 - 66. What is the greatest common factor of s and t?
9
Let j be (-10)/(-45) - 115/(-9). Let k = 78 - j. Calculate the highest common divisor of 13 and k.
13
Suppose 58*a = 53*a - 95. Let x = 22 + a. Suppose 0 = -x*b + 148 + 8. What is the greatest common divisor of b and 78?
26
Let h = 2651 - 2471. What is the highest common divisor of 315 and h?
45
Suppose 39*z + 388 = 41*z. Suppose 2*a + z = 1148. Let r = -333 + a. Calculate the greatest common divisor of r and 36.
36
Let k = 190458 + -190437. Let w be (-3 - -89) + (-1 - 1). Calculate the greatest common divisor of w and k.
21
Suppose -4*i + 5*s = -0*i + 20, 5*i = 3*s - 12. Suppose i = 3*w - 54 - 9. Calculate the greatest common factor of 77 and w.
7
Suppose -y = -4*l - 9, y + 18 = 3*y + l. Let t = 5 + -5. Let c(u) = -u**2 + 81. Let w be c(t). What is the highest common divisor of w and y?
9
Let d(z) be the first derivative of -21*z**2/2 - 11*z - 171. Let q be d(-1). Calculate the highest common divisor of q and 185.
5
Let j = 336 - 332. Suppose 0 = o - 3*x - 73, -2*o + 152 = -j*x - 0*x. What is the greatest common divisor of o and 1066?
82
Suppose 3*a + 2*w - 18053 = 0, -1331*a - w - 24056 = -1335*a. Calculate the greatest common factor of a and 15.
15
Let b(y) = -7*y + 18. Let d = 20 + -16. Let w be b(d). Let k be (-1)/2*(2 + w). Calculate the greatest common divisor of k and 10.
2
Let k be -1 + (52 - -1 - -3). Let s be (-26 + 20 + 3)*66/(-2). What is the greatest common factor of s and k?
11
Let g be (4 + 240/(-18))/(36/(-81)). Calculate the highest common divisor of g and 22407.
21
Let c = 36 + -24. Let q be (3/2)/(2*18/696). Suppose g - 2*m - 67 = q, 2*g - 192 = -m. What is the greatest common factor of g and c?
12
Suppose g + 3*o + 4 = 0, g + 2*o + 14 = -3*o. Let m(r) = 5 - 12*r + g - 7 + 3. Let x be m(-3). What is the highest common factor of x and 32?
16
Let a be 12/(5 + 7) + 29. Calculate the greatest common factor of a and 1446.
6
Let z(y) = -y**3 + 6*y**2 + 42*y - 15. Let d be z(10). Suppose d*q - 11 + 1 = 0. Calculate the highest common divisor of q and 16.
2
Let u be 5 - 20*(2 + 5). Let r = -133 - u. Suppose 3*v = -3*f + 27, -r*f + 3*f - 34 = 4*v. What is the greatest common divisor of 154 and f?
14
Suppose h - 8 = -4*a + 62, -2*h = -3*a - 184. What is the highest common factor of 559 and h?
43
Let x be 384/((-11)/10 - (-3)/30). Let a = x